{"id":11,"date":"2023-06-14T21:18:21","date_gmt":"2023-06-14T19:18:21","guid":{"rendered":"http:\/\/wondermariette.com\/?page_id=11"},"modified":"2023-08-03T03:01:09","modified_gmt":"2023-08-03T01:01:09","slug":"a-propos-de","status":"publish","type":"page","link":"https:\/\/wondermariette.com\/index.php\/a-propos-de\/","title":{"rendered":"\u00c0 propos"},"content":{"rendered":"\t\t<div data-elementor-type=\"wp-page\" data-elementor-id=\"11\" class=\"elementor elementor-11\">\n\t\t\t\t\t\t<section class=\"elementor-section elementor-top-section elementor-element elementor-element-2d0c619 elementor-section-boxed elementor-section-height-default elementor-section-height-default wpr-particle-no wpr-jarallax-no wpr-parallax-no wpr-sticky-section-no\" data-id=\"2d0c619\" data-element_type=\"section\" data-e-type=\"section\">\n\t\t\t\t\t\t<div class=\"elementor-container elementor-column-gap-no\">\n\t\t\t\t\t<div class=\"elementor-column elementor-col-50 elementor-top-column elementor-element elementor-element-adcbe40\" data-id=\"adcbe40\" data-element_type=\"column\" data-e-type=\"column\">\n\t\t\t<div class=\"elementor-widget-wrap elementor-element-populated\">\n\t\t\t\t\t\t<div class=\"elementor-element elementor-element-80b077f animated-slow elementor-invisible elementor-widget elementor-widget-image\" data-id=\"80b077f\" data-element_type=\"widget\" data-e-type=\"widget\" data-settings=\"{&quot;_animation&quot;:&quot;slideInLeft&quot;}\" data-widget_type=\"image.default\">\n\t\t\t\t<div class=\"elementor-widget-container\">\n\t\t\t\t\t\t\t\t\t\t\t\t\t\t\t<img fetchpriority=\"high\" decoding=\"async\" width=\"998\" height=\"762\" src=\"https:\/\/wondermariette.com\/wp-content\/uploads\/2023\/08\/Capture-decran-2023-08-03-a-02.52.41.png\" class=\"attachment-large size-large wp-image-312\" alt=\"\" srcset=\"https:\/\/wondermariette.com\/wp-content\/uploads\/2023\/08\/Capture-decran-2023-08-03-a-02.52.41.png 998w, https:\/\/wondermariette.com\/wp-content\/uploads\/2023\/08\/Capture-decran-2023-08-03-a-02.52.41-300x229.png 300w, https:\/\/wondermariette.com\/wp-content\/uploads\/2023\/08\/Capture-decran-2023-08-03-a-02.52.41-768x586.png 768w\" sizes=\"(max-width: 998px) 100vw, 998px\" \/>\t\t\t\t\t\t\t\t\t\t\t\t\t\t\t<\/div>\n\t\t\t\t<\/div>\n\t\t\t\t\t<\/div>\n\t\t<\/div>\n\t\t\t\t<div class=\"elementor-column elementor-col-50 elementor-top-column elementor-element elementor-element-9d4a51c\" data-id=\"9d4a51c\" data-element_type=\"column\" data-e-type=\"column\">\n\t\t\t<div class=\"elementor-widget-wrap elementor-element-populated\">\n\t\t\t\t\t\t<div class=\"elementor-element elementor-element-bacea5b animated-slow elementor-invisible elementor-widget elementor-widget-image\" data-id=\"bacea5b\" data-element_type=\"widget\" data-e-type=\"widget\" data-settings=\"{&quot;_animation&quot;:&quot;slideInRight&quot;,&quot;_animation_delay&quot;:2}\" data-widget_type=\"image.default\">\n\t\t\t\t<div class=\"elementor-widget-container\">\n\t\t\t\t\t\t\t\t\t\t\t\t\t\t\t<img decoding=\"async\" width=\"463\" height=\"558\" src=\"https:\/\/wondermariette.com\/wp-content\/uploads\/2023\/06\/IMG_2951-1.jpg\" class=\"attachment-large size-large wp-image-21\" alt=\"\" srcset=\"https:\/\/wondermariette.com\/wp-content\/uploads\/2023\/06\/IMG_2951-1.jpg 463w, https:\/\/wondermariette.com\/wp-content\/uploads\/2023\/06\/IMG_2951-1-249x300.jpg 249w\" sizes=\"(max-width: 463px) 100vw, 463px\" \/>\t\t\t\t\t\t\t\t\t\t\t\t\t\t\t<\/div>\n\t\t\t\t<\/div>\n\t\t\t\t\t<\/div>\n\t\t<\/div>\n\t\t\t\t\t<\/div>\n\t\t<\/section>\n\t\t\t\t<section class=\"elementor-section elementor-top-section elementor-element elementor-element-67d6c22 elementor-section-boxed elementor-section-height-default elementor-section-height-default wpr-particle-no wpr-jarallax-no wpr-parallax-no wpr-sticky-section-no\" data-id=\"67d6c22\" data-element_type=\"section\" data-e-type=\"section\">\n\t\t\t\t\t\t<div class=\"elementor-container elementor-column-gap-default\">\n\t\t\t\t\t<div class=\"elementor-column elementor-col-100 elementor-top-column elementor-element elementor-element-a85b024\" data-id=\"a85b024\" data-element_type=\"column\" data-e-type=\"column\">\n\t\t\t<div class=\"elementor-widget-wrap elementor-element-populated\">\n\t\t\t\t\t\t<div class=\"elementor-element elementor-element-8c7432d elementor-align-center animated-slow elementor-invisible elementor-widget elementor-widget-button\" data-id=\"8c7432d\" data-element_type=\"widget\" data-e-type=\"widget\" data-settings=\"{&quot;_animation&quot;:&quot;zoomIn&quot;,&quot;_animation_delay&quot;:1000}\" data-widget_type=\"button.default\">\n\t\t\t\t<div class=\"elementor-widget-container\">\n\t\t\t\t\t\t\t\t\t<div class=\"elementor-button-wrapper\">\n\t\t\t\t\t<a class=\"elementor-button elementor-button-link elementor-size-sm\" href=\"http:\/\/wondermariette.com\/index.php\/manifeste-wondermariette\/\">\n\t\t\t\t\t\t<span class=\"elementor-button-content-wrapper\">\n\t\t\t\t\t\t\t\t\t<span class=\"elementor-button-text\">D\u00e9couvrir notre manifeste <\/span>\n\t\t\t\t\t<\/span>\n\t\t\t\t\t<\/a>\n\t\t\t\t<\/div>\n\t\t\t\t\t\t\t\t<\/div>\n\t\t\t\t<\/div>\n\t\t\t\t\t<\/div>\n\t\t<\/div>\n\t\t\t\t\t<\/div>\n\t\t<\/section>\n\t\t\t\t<\/div>\n\t\t","protected":false},"excerpt":{"rendered":"<p>D\u00e9couvrir notre manifeste<\/p>\n","protected":false},"author":1,"featured_media":21,"parent":0,"menu_order":0,"comment_status":"closed","ping_status":"closed","template":"","meta":{"neve_meta_sidebar":"","neve_meta_container":"","neve_meta_enable_content_width":"","neve_meta_content_width":0,"neve_meta_title_alignment":"","neve_meta_author_avatar":"","neve_post_elements_order":"","neve_meta_disable_header":"","neve_meta_disable_footer":"on","neve_meta_disable_title":"on","footnotes":""},"class_list":["post-11","page","type-page","status-publish","has-post-thumbnail","hentry"],"yoast_head":"<!-- This site is optimized with the Yoast SEO plugin v20.9 - https:\/\/yoast.com\/wordpress\/plugins\/seo\/ -->\n<title>A propos<\/title>\n<meta name=\"description\" content=\"Mon arri\u00e8re grand-m\u00e8re et moi traversant le XX\u00e8me si\u00e8cle v\u00eatues des merveilles que nous avons trouv\u00e9es dans les tiroirs et la nature\" \/>\n<meta name=\"robots\" content=\"index, follow, max-snippet:-1, max-image-preview:large, max-video-preview:-1\" \/>\n<link rel=\"canonical\" href=\"https:\/\/wondermariette.com\/index.php\/a-propos-de\/\" \/>\n<meta property=\"og:locale\" content=\"en_US\" \/>\n<meta property=\"og:type\" content=\"article\" \/>\n<meta property=\"og:title\" content=\"A propos\" \/>\n<meta property=\"og:description\" content=\"Mon arri\u00e8re grand-m\u00e8re et moi traversant le XX\u00e8me si\u00e8cle v\u00eatues des merveilles que nous avons trouv\u00e9es dans les tiroirs et la nature\" \/>\n<meta property=\"og:url\" content=\"https:\/\/wondermariette.com\/index.php\/a-propos-de\/\" \/>\n<meta property=\"og:site_name\" content=\"WonderMariette\" \/>\n<meta property=\"article:modified_time\" content=\"2023-08-03T01:01:09+00:00\" \/>\n<meta property=\"og:image\" content=\"https:\/\/wondermariette.com\/wp-content\/uploads\/2023\/06\/IMG_2951-1.jpg\" \/>\n\t<meta property=\"og:image:width\" content=\"463\" \/>\n\t<meta property=\"og:image:height\" content=\"558\" \/>\n\t<meta property=\"og:image:type\" content=\"image\/jpeg\" \/>\n<meta name=\"twitter:card\" content=\"summary_large_image\" \/>\n<meta name=\"twitter:label1\" content=\"Est. reading time\" \/>\n\t<meta name=\"twitter:data1\" content=\"1 minute\" \/>\n<script type=\"application\/ld+json\" class=\"yoast-schema-graph\">{\"@context\":\"https:\/\/schema.org\",\"@graph\":[{\"@type\":\"WebPage\",\"@id\":\"https:\/\/wondermariette.com\/index.php\/a-propos-de\/\",\"url\":\"https:\/\/wondermariette.com\/index.php\/a-propos-de\/\",\"name\":\"A propos\",\"isPartOf\":{\"@id\":\"https:\/\/wondermariette.com\/#website\"},\"datePublished\":\"2023-06-14T19:18:21+00:00\",\"dateModified\":\"2023-08-03T01:01:09+00:00\",\"description\":\"Mon arri\u00e8re grand-m\u00e8re et moi traversant le XX\u00e8me si\u00e8cle v\u00eatues des merveilles que nous avons trouv\u00e9es dans les tiroirs et la nature\",\"breadcrumb\":{\"@id\":\"https:\/\/wondermariette.com\/index.php\/a-propos-de\/#breadcrumb\"},\"inLanguage\":\"en-US\",\"potentialAction\":[{\"@type\":\"ReadAction\",\"target\":[\"https:\/\/wondermariette.com\/index.php\/a-propos-de\/\"]}]},{\"@type\":\"BreadcrumbList\",\"@id\":\"https:\/\/wondermariette.com\/index.php\/a-propos-de\/#breadcrumb\",\"itemListElement\":[{\"@type\":\"ListItem\",\"position\":1,\"name\":\"Accueil\",\"item\":\"https:\/\/wondermariette.com\/\"},{\"@type\":\"ListItem\",\"position\":2,\"name\":\"\u00c0 propos\"}]},{\"@type\":\"WebSite\",\"@id\":\"https:\/\/wondermariette.com\/#website\",\"url\":\"https:\/\/wondermariette.com\/\",\"name\":\"WonderMariette\",\"description\":\"Merveilles du pass\u00e9, des tiroirs et de la nature\",\"potentialAction\":[{\"@type\":\"SearchAction\",\"target\":{\"@type\":\"EntryPoint\",\"urlTemplate\":\"https:\/\/wondermariette.com\/?s={search_term_string}\"},\"query-input\":\"required name=search_term_string\"}],\"inLanguage\":\"en-US\"}]}<\/script>\n<!-- \/ Yoast SEO plugin. -->","yoast_head_json":{"title":"A propos","description":"Mon arri\u00e8re grand-m\u00e8re et moi traversant le XX\u00e8me si\u00e8cle v\u00eatues des merveilles que nous avons trouv\u00e9es dans les tiroirs et la nature","robots":{"index":"index","follow":"follow","max-snippet":"max-snippet:-1","max-image-preview":"max-image-preview:large","max-video-preview":"max-video-preview:-1"},"canonical":"https:\/\/wondermariette.com\/index.php\/a-propos-de\/","og_locale":"en_US","og_type":"article","og_title":"A propos","og_description":"Mon arri\u00e8re grand-m\u00e8re et moi traversant le XX\u00e8me si\u00e8cle v\u00eatues des merveilles que nous avons trouv\u00e9es dans les tiroirs et la nature","og_url":"https:\/\/wondermariette.com\/index.php\/a-propos-de\/","og_site_name":"WonderMariette","article_modified_time":"2023-08-03T01:01:09+00:00","og_image":[{"width":463,"height":558,"url":"https:\/\/wondermariette.com\/wp-content\/uploads\/2023\/06\/IMG_2951-1.jpg","type":"image\/jpeg"}],"twitter_card":"summary_large_image","twitter_misc":{"Est. reading time":"1 minute"},"schema":{"@context":"https:\/\/schema.org","@graph":[{"@type":"WebPage","@id":"https:\/\/wondermariette.com\/index.php\/a-propos-de\/","url":"https:\/\/wondermariette.com\/index.php\/a-propos-de\/","name":"A propos","isPartOf":{"@id":"https:\/\/wondermariette.com\/#website"},"datePublished":"2023-06-14T19:18:21+00:00","dateModified":"2023-08-03T01:01:09+00:00","description":"Mon arri\u00e8re grand-m\u00e8re et moi traversant le XX\u00e8me si\u00e8cle v\u00eatues des merveilles que nous avons trouv\u00e9es dans les tiroirs et la nature","breadcrumb":{"@id":"https:\/\/wondermariette.com\/index.php\/a-propos-de\/#breadcrumb"},"inLanguage":"en-US","potentialAction":[{"@type":"ReadAction","target":["https:\/\/wondermariette.com\/index.php\/a-propos-de\/"]}]},{"@type":"BreadcrumbList","@id":"https:\/\/wondermariette.com\/index.php\/a-propos-de\/#breadcrumb","itemListElement":[{"@type":"ListItem","position":1,"name":"Accueil","item":"https:\/\/wondermariette.com\/"},{"@type":"ListItem","position":2,"name":"\u00c0 propos"}]},{"@type":"WebSite","@id":"https:\/\/wondermariette.com\/#website","url":"https:\/\/wondermariette.com\/","name":"WonderMariette","description":"Merveilles du pass\u00e9, des tiroirs et de la nature","potentialAction":[{"@type":"SearchAction","target":{"@type":"EntryPoint","urlTemplate":"https:\/\/wondermariette.com\/?s={search_term_string}"},"query-input":"required name=search_term_string"}],"inLanguage":"en-US"}]}},"_links":{"self":[{"href":"https:\/\/wondermariette.com\/index.php\/wp-json\/wp\/v2\/pages\/11","targetHints":{"allow":["GET"]}}],"collection":[{"href":"https:\/\/wondermariette.com\/index.php\/wp-json\/wp\/v2\/pages"}],"about":[{"href":"https:\/\/wondermariette.com\/index.php\/wp-json\/wp\/v2\/types\/page"}],"author":[{"embeddable":true,"href":"https:\/\/wondermariette.com\/index.php\/wp-json\/wp\/v2\/users\/1"}],"replies":[{"embeddable":true,"href":"https:\/\/wondermariette.com\/index.php\/wp-json\/wp\/v2\/comments?post=11"}],"version-history":[{"count":59,"href":"https:\/\/wondermariette.com\/index.php\/wp-json\/wp\/v2\/pages\/11\/revisions"}],"predecessor-version":[{"id":322,"href":"https:\/\/wondermariette.com\/index.php\/wp-json\/wp\/v2\/pages\/11\/revisions\/322"}],"wp:featuredmedia":[{"embeddable":true,"href":"https:\/\/wondermariette.com\/index.php\/wp-json\/wp\/v2\/media\/21"}],"wp:attachment":[{"href":"https:\/\/wondermariette.com\/index.php\/wp-json\/wp\/v2\/media?parent=11"}],"curies":[{"name":"wp","href":"https:\/\/api.w.org\/{rel}","templated":true}]}}